0?
20
Suppose 0*q + q - 45 = 0. What is the highest common divisor of 9 and q?
9
Let z be ((-9)/18)/(1/(-26)). What is the greatest common factor of z and 52?
13
Let j(d) = -d**3 + 5*d**2 + 6*d + 1. Let k be j(6). Let h be k/((-2)/(-8 + 0)). What is the greatest common factor of h and 6?
2
Let z = -2 - -3. Suppose -5*b + 49 = -3*f, -5*f + 1 = b - 20. What is the highest common factor of b and z?
1
Suppose -4*p + 10 = -250. What is the highest common divisor of p and 26?
13
Suppose -v + 1 = -11. Calculate the greatest common factor of v and 12.
12
Let p be (-8)/12 + (3 - 152/(-12)). Calculate the greatest common divisor of 5 and p.
5
Let a = 1782 + -1238. Let q be (-2)/9 - a/(-18). Let l be -2*4*(-12)/8. Calculate the greatest common factor of q and l.
6
Let j be 3/(-5) - 42/5. Let c(y) = y**3 + 9*y**2 + y + 6. Let q be c(j). Let d be 26 - (-1)/(q/(-6)). What is the highest common factor of 42 and d?
14
Suppose 5*m - 585 = 75. What is the greatest common divisor of 33 and m?
33
Suppose 3*j + 4*j = 21. Calculate the greatest common divisor of j and 2.
1
Let x be 14/(-35) - 163/5. Let d = 54 + x. Calculate the highest common divisor of d and 7.
7
Let d be 1*634 + 6 + -3. Suppose 4*o - d = 3. Calculate the highest common divisor of 20 and o.
20
Let v be 1 + 0 + -9 - -2. Let m be (-3)/(-1) + (v - -93). Calculate the greatest common factor of m and 10.
10
Suppose 6*q - 9*q = -21. Suppose q + 1 = -4*j. Let a be 0/(1 - j) - -8. What is the greatest common factor of a and 20?
4
Let r = 2 + -2. Suppose 0 = 2*w - 3*f + 4*f - 80, -f = r. Calculate the highest common factor of w and 5.
5
Let a = 13 - 7. Suppose -5*t = -30 + 10. Calculate the greatest common factor of a and t.
2
Suppose 4*c - 3*k = 4 + 12, -2*c - 4*k = -8. Let m = c + -2. Let y be ((-3)/(-2))/(m/52). Calculate the highest common factor of y and 13.
13
Suppose -2*w = -3*g - 26, -5*g = -2*w - g + 30. What is the greatest common factor of w and 56?
7
Suppose m = 2*y - 1 - 3, -8 = 3*m - 5*y. Suppose 0 = l - m*l + 72. Let n(t) = -t**3 - t**2 + 60. Let j be n(0). What is the highest common divisor of j and l?
12
Let b(g) = -g**2 + 5*g + 6. Let a be b(6). Suppose a = z + 4*z - 10. Suppose 6 = z*w, -k + 4 = -3*w - 0. What is the greatest common factor of 13 and k?
13
Suppose -a - x + 16 = 0, -a - 4*x = -3*a + 32. Let r = 10 - 8. Suppose 3*w + r*w = 40. What is the highest common factor of w and a?
8
Let y = 10 - 5. Suppose 0 = -a + y*a - 400. What is the greatest common factor of 25 and a?
25
Let c(g) = g**2 - 5*g - 3. Let f be c(5). Let x = 9 + f. Let t = 9 - -6. What is the greatest common divisor of x and t?
3
Let x = 161 + -143. What is the highest common factor of x and 198?
18
Let v be 4325/30 - 2/12. Calculate the greatest common divisor of v and 18.
18
Let w = -21 - -89. Suppose -8 = -2*l + l + 3*c, 0 = -5*l + c + w. What is the highest common factor of 21 and l?
7
Let n be (-24)/(-4 - -1) + -2. What is the highest common divisor of 24 and n?
6
Let m(p) = p + 13. Let r be m(-9). Suppose r*v - 21 = v. What is the highest common divisor of v and 77?
7
Let j = 300 - 208. Calculate the highest common divisor of 23 and j.
23
Let w be 266/56 - 1/(-4). Calculate the highest common factor of 15 and w.
5
Let q(y) = y**2 + 9*y. Let i be q(-12). What is the greatest common factor of i and 396?
36
Let d = -22 + 17. Let r(s) = -8*s - 10. Let t be r(d). What is the highest common factor of t and 15?
15
Let m = -33 + 45. What is the greatest common factor of 4 and m?
4
Let r = 3 - -6. What is the highest common divisor of 72 and r?
9
Suppose -7*s + 11*s - 612 = 0. Calculate the highest common factor of s and 17.
17
Suppose -k = -4*k - 2*f - 16, f = -k - 6. Suppose -3*y = -5*v - 38, -y + 4*y + 4*v = 2. Let m be (8/y)/(k/(-24)). What is the highest common factor of 20 and m?
4
Suppose -13*u - 77 = -14*u. Calculate the greatest common divisor of 11 and u.
11
Let k(y) = 2*y - 18. Let o be k(12). What is the greatest common factor of 18 and o?
6
Let r be -2 - 59*(-5 + 4). Let t = -1 + 1. Suppose -3*f - 4*d + 77 = 0, -f + 5*f + 5*d - 101 = t. What is the highest common divisor of r and f?
19
Suppose c + 6 = -2*c, -114 = -4*a + c. What is the highest common factor of 7 and a?
7
Let w be 54/12*(-4)/6 - -52. Let s = -10 + 17. Calculate the highest common divisor of s and w.
7
Let u be 1 + -4 + 114/6. What is the highest common factor of u and 40?
8
Let i = -463 + 467. Let h be -1 + 0/1 - -13. What is the highest common divisor of h and i?
4
Suppose -12*l = -4*l - 640. Calculate the highest common factor of l and 16.
16
Let y(v) = v**2 + v. Suppose 2*r - 16 = -r - 5*q, 2*r + 26 = 4*q. Let t be 0 + 2 + r + -1. Let o be y(t). What is the highest common divisor of o and 1?
1
Let o(m) = -1 - 17*m**3 - 25*m**3 + 10*m**3 + 2. Let a be o(-1). What is the highest common divisor of a and 11?
11
Suppose -5*u + 163 = 693. Let v = -46 - u. Calculate the highest common divisor of 90 and v.
30
Suppose 0 = -6*w + 44 - 20. Let v be (0 + 4/(-3))*-3. What is the highest common factor of v and w?
4
Let o be 48/(-27) + (-10)/45. Let c = 15 + -23. Let b be 50*(o - (c - -3)). Calculate the greatest common factor of b and 15.
15
Suppose 0 = -4*g - 23 + 287. Calculate the highest common factor of g and 22.
22
Suppose -5*y - 15 = 0, 0*j - 3*y + 101 = 5*j. What is the highest common factor of j and 198?
22
Let s be 13/26 + (-41)/(-2). Calculate the highest common factor of 105 and s.
21
Let u be 4/(-14) - (-258)/21. What is the highest common factor of u and 24?
12
Let g be -1 - -1 - (-2 - -17). Let z = g + 25. Calculate the greatest common divisor of z and 2.
2
Let f = 29 + -8. Calculate the highest common factor of 84 and f.
21
Suppose 2*h - 20 = -3*h. Suppose -2*w - 3*w + 438 = -4*n, 0 = -h*w + 2*n + 354. Calculate the greatest common factor of w and 9.
9
Suppose 2*t + 5*n = -t + 165, 135 = 3*t - 5*n. Calculate the highest common divisor of 20 and t.
10
Suppose 15*r = 11*r + 44. What is the highest common divisor of 55 and r?
11
Let o be (60/24)/(2/24). Suppose -3*l - 2*m = -o, 5*l + 3*m + m - 50 = 0. Calculate the highest common divisor of l and 10.
10
Let u(p) = -3*p - 2. Let d be u(-4). Suppose 2*n = -4*z - n + 40, 3*n + d = z. Suppose 5*b - 133 = -33. Calculate the highest common factor of z and b.
10
Suppose -j = 4*b - 3 - 1, b = 3*j - 25. Calculate the greatest common factor of 24 and j.
8
Suppose -13*q - 44 = -15*q. What is the highest common divisor of 154 and q?
22
Suppose h + 4*d - 66 = 0, 0*h + 5*h - 250 = -4*d. Calculate the highest common divisor of h and 115.
23
Let z be 1/((-3)/(-3)) + 12. Let x(a) = a**3 - 13*a**2 + a - 9. Let i be x(z). Calculate the greatest common factor of 20 and i.
4
Let c be (-2)/11 + 204/33. Let y = -4 + c. What is the greatest common divisor of 8 and y?
2
Suppose 2*w = -5*z + 24 + 21, -z = 3*w + 4. Let l = -11 + 15. Suppose 0 = l*d - 25 - z. Calculate the greatest common factor of 45 and d.
9
Let h(g) = 95*g + 1. Let y be h(2). Let z = -26 + y. Let t(d) = d + 23. Let a be t(-8). Calculate the greatest common divisor of a and z.
15
Let u = 12 - 18. Let w be (-45)/u*48/30. What is the greatest common factor of 8 and w?
4
Let a(g) = -g**3 - 6*g**2 + g - 10. Let f be a(-8). Let w be (-93)/(-9) + 3/(-9). What is the greatest common divisor of f and w?
10
Suppose -j = -23 - 2. What is the highest common divisor of 5 and j?
5
Let y be (4 - (-44)/(-8))*(-4)/3. Calculate the greatest common factor of 1 and y.
1
Suppose -2*x + 815 = 2*x + 3*q, -4*x + 3*q + 833 = 0. Let n = x - 129. Calculate the greatest common factor of 11 and n.
11
Let j(i) = 28*i - 1. Let b be j(4). Let k = b + -71. What is the highest common factor of 8 and k?
8
Let b = 9 + -4. Let m = -58 - -93. Suppose 1 + 4 = 3*c - 2*d, 4*c + 3*d - m = 0. Calculate the greatest common factor of b and c.
5
Let y(n) = n**3 - 7*n**2 + n + 2. Let z be y(7). Let d = z - 13. Let k be (-1 - 1)/(1/d). Calculate the highest common factor of k and 56.
8
Let c be ((-391)/(-85))/(1/5). Calculate the highest common divisor of 207 and c.
23
Let b be 2/(-14) - 4392/(-168). Calculate the highest common factor of 208 and b.
26
Let r = 111 + -36. Calculate the greatest common divisor of 30 and r.
15
Let w(i) = i + 34. Let o be w(-13). Calculate the greatest commo